 is the hundreds digit of 42165?
1
What is the ten thousands digit of 6893973?
9
What is the tens digit of 1616229?
2
What is the hundreds digit of 361388?
3
What is the tens digit of 192452?
5
What is the hundred thousands digit of 224891?
2
What is the hundred thousands digit of 426532?
4
What is the units digit of 3484577?
7
What is the ten thousands digit of 838809?
3
What is the tens digit of 65869?
6
What is the thousands digit of 3447662?
7
What is the hundred thousands digit of 25353141?
3
What is the tens digit of 61408?
0
What is the thousands digit of 380907?
0
What is the thousands digit of 9404682?
4
What is the units digit of 6589025?
5
What is the tens digit of 5378207?
0
What is the thousands digit of 1335390?
5
What is the thousands digit of 349962?
9
What is the ten millions digit of 10016574?
1
What is the thousands digit of 169176?
9
What is the tens digit of 3430722?
2
What is the ten thousands digit of 1198499?
9
What is the tens digit of 952421?
2
What is the hundreds digit of 104499?
4
What is the ten thousands digit of 1377326?
7
What is the hundred thousands digit of 5281682?
2
What is the hundreds digit of 581963?
9
What is the hundred thousands digit of 41817087?
8
What is the ten thousands digit of 186198?
8
What is the hundred thousands digit of 10456237?
4
What is the tens digit of 10435?
3
What is the hundreds digit of 631436?
4
What is the units digit of 248774?
4
What is the ten thousands digit of 3257272?
5
What is the units digit of 2311525?
5
What is the ten thousands digit of 15284304?
8
What is the hundreds digit of 483331?
3
What is the thousands digit of 267487?
7
What is the ten thousands digit of 2149396?
4
What is the thousands digit of 2538299?
8
What is the thousands digit of 11475574?
5
What is the thousands digit of 3998750?
8
What is the hundred thousands digit of 1178228?
1
What is the ten thousands digit of 8833540?
3
What is the tens digit of 1811623?
2
What is the units digit of 7955?
5
What is the units digit of 33903?
3
What is the tens digit of 891176?
7
What is the ten thousands digit of 257971?
5
What is the hundreds digit of 3537375?
3
What is the ten thousands digit of 9002578?
0
What is the units digit of 15035569?
9
What is the hundred thousands digit of 4897216?
8
What is the millions digit of 2561487?
2
What is the units digit of 308696?
6
What is the units digit of 5844645?
5
What is the hundred thousands digit of 2588507?
5
What is the tens digit of 580082?
8
What is the millions digit of 29444564?
9
What is the hundred thousands digit of 489755?
4
What is the millions digit of 5624606?
5
What is the thousands digit of 15455043?
5
What is the hundreds digit of 323982?
9
What is the units digit of 127873?
3
What is the ten thousands digit of 31144084?
4
What is the tens digit of 163651?
5
What is the hundred thousands digit of 3012061?
0
What is the thousands digit of 994288?
4
What is the thousands digit of 219876?
9
What is the hundred thousands digit of 202102?
2
What is the tens digit of 5655706?
0
What is the thousands digit of 1272103?
2
What is the hundred thousands digit of 8132359?
1
What is the tens digit of 306497?
9
What is the hundreds digit of 79825?
8
What is the units digit of 423692?
2
What is the units digit of 3536800?
0
What is the units digit of 9222747?
7
What is the tens digit of 4786195?
9
What is the hundreds digit of 15266575?
5
What is the tens digit of 3754144?
4
What is the ten thousands digit of 58354?
5
What is the ten thousands digit of 3252973?
5
What is the units digit of 56927?
7
What is the units digit of 296467?
7
What is the units digit of 734272?
2
What is the hundred thousands digit of 249377?
2
What is the ten thousands digit of 430398?
3
What is the hundreds digit of 815903?
9
What is the hundreds digit of 1256802?
8
What is the units digit of 1434832?
2
What is the ten thousands digit of 13293417?
9
What is the hundreds digit of 507836?
8
What is the hundred thousands digit of 40063038?
0
What is the hundreds digit of 9245551?
5
What is the hundreds digit of 3718079?
0
What is the thousands digit of 14414195?
4
What is the hundreds digit of 13314609?
6
What is the units digit of 2322981?
1
What is the thousands digit of 230771?
0
What is the hundreds digit of 630604?
6
What is the units digit of 24343377?
7
What is the tens digit of 246579?
7
What is the tens digit of 48455?
5
What is the tens digit of 1058789?
8
What is the tens digit of 9036596?
9
What is the units digit of 102287?
7
What is the tens digit of 4264764?
6
What is the hundred thousands digit of 939999?
9
What is the thousands digit of 94725?
4
What is the tens digit of 387025?
2
What is the ten thousands digit of 51510?
5
What is the units digit of 223184?
4
What is the millions digit of 4730508?
4
What is the thousands digit of 38351?
8
What is the ten thousands digit of 3107522?
0
What is the hundreds digit of 246070?
0
What is the ten thousands digit of 9255891?
5
What is the ten thousands digit of 15274828?
7
What is the units digit of 9398943?
3
What is the millions digit of 3886188?
3
What is the tens digit of 266215?
1
What is the tens digit of 78317?
1
What is the ten thousands digit of 132875?
3
What is the tens digit of 1794620?
2
What is the tens digit of 116789?
8
What is the hundreds digit of 277311?
3
What is the hundred thousands digit of 5034244?
0
What is the thousands digit of 738540?
8
What is the units digit of 3466148?
8
What is the thousands digit of 326572?
6
What is the hundreds digit of 3674989?
9
What is the hundreds digit of 3069874?
8
What is the units digit of 3018246?
6
What is the ten thousands digit of 508899?
0
What is the thousands digit of 98315?
8
What is the ten thousands digit of 25002062?
0
What is the units digit of 8983533?
3
What is the tens digit of 863293?
9
What is the thousands digit of 1894979?
4
What is the thousands digit of 587665?
7
What is the thousands digit of 425937?
5
What is the millions digit of 12601903?
2
What is the millions digit of 2763773?
2
What is the hundred thousands digit of 300084?
3
What is the units digit of 122052?
2
What is the ten millions digit of 17592334?
1
What is the ten thousands digit of 212491?
1
What is the units digit of 2145068?
8
What is the units digit of 3557450?
0
What is the hundred thousands digit of 148485?
1
What is the units digit of 372666?
6
What is the thousands digit of 404324?
4
What is the units digit of 1367383?
3
What is the ten thousands digit of 1518975?
1
What is the ten thousands digit of 507069?
0
What is the units digit of 326844?
4
What is the units digit of 420218?
8
What is the hundred thousands digit of 550780?
5
What is the hundreds digit of 561895?
8
What is the hundred thousands digit of 279060?
2
What is the tens digit of 1653025?
2
What is the tens digit of 133081?
8
What is the millions digit of 1921160?
1
What is the hundreds digit of 8378946?
9
What is the hundred thousands digit of 817403?
8
What is the hundreds digit of 470855?
8
What is the ten thousands digit of 3648361?
4
What is the ten thousands digit of 4059815?
5
What is the thousands digit of 3133194?
3
What is the ten thousands digit of 981700?
8
What is the hundreds digit of 1526459?
4
What is the thousands digit of 243755?
3
What is the ten thousands digit of 717565?
1
What is the hundred thousands digit of 316060?
3
What is the tens digit of 153482?
8
What is the thousands digit of 1565337?
5
What is the units digit of 234698?
8
What is the thousands digit of 1707172?
7
What is the units digit of 5643062?
2
What is the hundreds digit of 141248?
2
What is the ten thousands digit of 900414?
0
What is the units digit of 654389?
9
What is the tens digit of 5346316?
1
What is the thousands digit of 389845?
9
What is the ten thousands digit of 72405?
7
What is the hundred thousands digit of 3282633?
2
What is the ten thousands digit of 19794081?
9
What is the units digit of 80167?
7
What is the ten millions digit of 28934498?
2
What is the units digit of 23216?
6
What is the units digit of 1189098?
8
What is the ten thousands digit of 11772192?
7
What is the hundreds digit of 32727038?
0
What is the hundred thousands digit of 4272602?
2
What is the ten millions digit of 16083173?
1
What is 